+ -11.
-47
(-10 + 24 + -14 - -59) + -12
47
Evaluate -58 + 58 + -28 + -2 + 14 - -134.
118
What is 103 - (70 - 23 - -19)?
37
What is the value of 41 - (-4 - (14 - 28 - 10))?
21
What is the value of (9 - (-24 + 17)) + (-106 + -19 - 1)?
-110
What is the value of 40 + (25 - (66 - -2))?
-3
What is (-4 - 4 - -6 - 2) + (-46 - 1) + -19?
-70
Calculate -16 + 9 + (0 - 6) + (71 - 63) + 60.
55
What is 26 - 14 - ((0 - -4) + 0) - 56?
-48
What is (2 - ((16 - 15) + -10) - -42) + -1 + -3?
49
(-1 - 18) + (1 - -26) + -32 - -5
-19
Calculate 1225 - 1149 - (0 - -27).
49
What is the value of 7 + (18 + -9 + 4 - 9 - 23)?
-12
(6 - 43) + 39 + -21
-19
What is -79 + 66 + 139 - 29?
97
What is (-66 - -109) + -89 - 7?
-53
What is the value of 1084 + -985 - (54 + 0)?
45
-80 + 19 + -11 + (-5 - (-8 + 10 + -4))
-75
What is the value of -736 - -769 - ((-3 + 7 - 8) + 1 + -2)?
38
What is the value of -164 + 169 + (-195 - -89)?
-101
Evaluate (25 - (-12 - 19)) + -23.
33
-72 - (15 + -36) - (-6 - -29)
-74
53 + 83 + -59 + -54
23
What is the value of -1 - 67 - (473 - 498)?
-43
Calculate -40 + 1 - (-1 - (-150 + 165)).
-23
What is 215 - 203 - (0 + 2) - (14 + 45)?
-49
Evaluate -36 - (-1 - (0 - ((13 - 2) + -14))).
-32
What is 84 + -78 + -26 + -101?
-121
Calculate 21 + 0 + -1 - (2131 + -2145).
34
Calculate (-14 - -3 - (32 - (-21 + -12))) + -12.
-88
Calculate (18 - 13 - -40 - 55) + (30 - 0).
20
Evaluate 107 - (421 + -425 + (15 - -3)).
93
What is the value of 15 - -1 - (2776 + -2779) - 32?
-13
0 + -17 + 1 + (24 - (9 - 12))
11
Evaluate -61 + -6 - ((1 - (11 + -19)) + 6).
-82
What is the value of 9 + (-12 - 15) + 35 + -30?
-13
Evaluate -102 - (5 - 53) - -58.
4
Calculate -440 - -521 - (13 - (0 + (4 - (-3 - -3)))).
72
(1 + -6 - -14) + 46 + 5 + -10 - -9
59
Evaluate -2 + -5 + 19 + -34 + 14 - 13.
-21
Calculate -23 + (-206 - -219) + 1 + -66.
-75
-10 - -5 - -1 - (77 + (-20 - 9))
-52
Evaluate -51 - (15 + 36 - 64).
-38
What is the value of 47 + -210 - -46 - -26?
-91
Calculate 205 - 163 - (-3 + 46).
-1
What is the value of -1 + (16 - 25 - -56) - 12?
34
Evaluate (13 - (3 + (-17 - -18))) + -47.
-38
What is -17 + 40 - (3 + (20 - 9))?
9
Evaluate (-50 - (-12 + -19 + 17)) + (-5 - -2).
-39
Evaluate (1 - -12) + (2 - ((-5 - -13) + 34)).
-27
What is 76 + (79 - 171) - 22?
-38
-22 + (30 - (25 - 16)) - 14
-15
What is the value of -2 + (-5 - (-4 + -11 + 18 + -5))?
-5
Calculate (-32 + 4 - (46 + -108)) + 0 + (1 - -2).
37
What is the value of -18 + 12 + -3 + -11 + -31?
-51
What is (-6 - 2) + (69 - -16 - 12) + -20 + -10?
35
Calculate -7 + (-3 - -34) - (-23 + 39) - 15.
-7
(18 - -3 - 18) + 1 + 1 + -2 + 3
6
What is -76 + 103 + -197 + 100?
-70
Calculate (-59 - 62) + (15 - (-14 + -1 + 43)).
-134
Evaluate (-25 - -6 - (-84 + 73)) + 20 + (66 - -2).
80
(2 - (5 + (-2 - (20 - 11)))) + -2
6
Evaluate (-209 - -217) + -10 + 1 - -45.
44
Calculate (-1 - 1 - (0 + 18 - 20)) + -10 - 118.
-128
Calculate (-6 - -83) + (409 - 364).
122
Calculate (8 - -11) + -1 + 0 - (-53 - -21 - -24).
26
What is -17 + -79 + 46 + 63?
13
Evaluate -25 + -32 + (-3 - (5 - 15)).
-50
What is the value of 13877 - 13905 - (29 - 1)?
-56
What is -12 - (24 + -65 + -7)?
36
(5 + -25 + -6 - 2) + (-2 - (-11 - -5))
-24
What is the value of 11 - (-46 + 6 + 10 - -4) - 1?
36
What is -60 + 88 - 45 - 24?
-41
What is the value of -3 + -89 - (-1 + (4 - 5) + (361 - 366))?
-85
What is (-20 - -17) + (6 - -5) + 16?
24
Calculate (9 - (-6 - -108)) + 0 - (11 - 20 - -25).
-109
What is the value of (-20 - (-3 - 45) - 13) + -35?
-20
Evaluate 5 - (30 + -9 + 4 + 6).
-26
Calculate -9 + (-13 - 38 - 32).
-92
What is the value of -2 - -1 - (-1 - (-10 + 21 + -11))?
0
What is -74 + (0 - (-4 - -4)) - (1 + 2)?
-77
What is the value of (-312 - -262) + (3 - 4)?
-51
12 - (16 - ((5 - (13 + -15)) + 14))
17
Evaluate -41 + (9 - (-32 - (-61 + -39))).
-100
What is 3 - (27 + -1) - (9 - 37)?
5
Evaluate (-32 - -3) + (4084 - 4067).
-12
Calculate -513 - -473 - ((-1 - -3) + -122).
80
What is the value of (-1 - -13) + (-43 - -21 - -14) + 10?
14
What is -27 + 20 + 3 - (9 + -19)?
6
(5 - 18) + 3 + (7 + 3 - 3) + 40
37
Evaluate -10 + -3 - (2231 + -2175).
-69
Calculate 2 + 4 + (-21 - 24) + 40 + -6 - 12.
-17
What is (-52 - -2) + 1041 + -961?
30
What is -60 + (30 - -26) + (35 - 0)?
31
1 + -15 + -35 + -12 + 21 + 35 + 131
126
Evaluate 19 + 4 - 18 - (2 + 5 + -18).
16
Calculate -1 + 59 + -2 - (70 - 40 - 25).
51
What is 1312 - 1285 - (63 + -3)?
-33
Evaluate 3103 + -3033 - (0 - -65).
5
Evaluate -17 - 0 - (90 - -134 - 173).
-68
Calculate -1 - -60 - 47 - (-2 + (-5 - -8)).
11
-13 + (-23 - (13 + -38) - (0 + -46))
35
9 - (-8 + 1 + 3) - (41 + -30)
2
What is the value of 14 + -20 - (10 - 24 - 45)?
53
What is (19 - 64) + 98 - (8 + -12)?
57
Evaluate (21 - 8) + (-15 + -1 - -32) + -3.
26
What is -4 - ((41 - 47) + 78)?
-76
What is (2 + -7 - -65) + (1 - 3) + -10?
48
(26 + -9 + (8 - 18) - 7) + 45
45
What is 46 + (-441 - -420) + 2 + 0 + 11?
38
Evaluate 13 - (-6 - -25) - (-13 - 32).
39
What is the value of (4 - 2) + 1 + (-2 + 21 - 104) + 10?
-72
What is the value of 40 + -124 + (7 - (14 + -10)) + 4?
-77
Calculate -35 - (47 - (-41 + 107)).
-16
Calculate 91 - (4 + (3 - (7 + -1)) - (0 + -7)).
83
Calculate 13 + 7 + -6 - -5 - (19 - 45 - -32).
13
Calculate 48 - (-96 - -13 - -167).
-36
What is -29 + 69 + -33 + -8 + -2 + 2?
-1
Evaluate (-71 - (-14 + 2)) + 13 + 23 + -33.
-56
What is the value of (10 - (-9 + -13 + 22 + -83)) + -7 - 6?
80
What is the value of -145 + 166 + (-6 - (3 + -4))?
16
(15 - 17) + 28 - (-39 + 46)
19
What is -344 - -363 - (-5 - -4 - 3 - (-11 - -1))?
13
What is (31 - 43) + 69 + -102?
-45
What is (-5 - 9 - -23 - 29) + 1?
-19
Evaluate -58 + 32 + 65 + -11 - (2 + 1 + -2).
27
Evaluate 1 - -1 - (-78 - (19 + -40)).
59
What is -85 - (29 + -39 + -12 + 17)?
-80
What is 7 - (-6 - -42) - (0 + -10)?
-19
Evaluate -60 - ((1 - -21) + -27 + -2).
-53
What is the value of 88 - (4 + 2 + -13) - (-17 - (5 + -10))?
107
-10 - ((-8 - (-2 - (-10 + 4))) + 1)
1
Calculate 3 + 3 + (-15 - -21) - (43 - -1).
-32
What is 52 + -20 + 18 + 15 + -28?
37
What is the value of -121 - -12 - -68 - (1 + 34)?
-76
What is 1 + -12 + (-3396 - -3363)?
-44
What is 4 + 2 + -3 + -37 + (-25 - -87)?
28
Calculate (25 - 58 - -48) + (0 - 6) + (47 - -5).
61
What is 4 + 5 + 14 + (-34 - -18)?
7
What is -11 - (-6 - (7 + -40)) - (-1 - -8)?
-45
-4 - (-2 - 11) - (27 - (-35 + 24))
-29
Calculate -16 - 22 - (-24 - 10).
-4
What is -63 + 15 + 29 - -1 - (-2 + (3 - 2))?
-17
Calculate (47 - (80 - 78)) + -22.
23
What is the value of 7 + (0 - -2) + (37 - -2 - 33)?
15
What is the value of 116 + -92 + -71 - (14 + (-4 - 0))?
-57
What is the value of (-62 - (-64 - -54)) + 24?
-28
Evaluate 55 - (97 - (54 - 56)).
-44
Evaluate -62 - (-17 + (68 - 151)).
38
0 + 33 - (-12 + (14 + 13 - 13))
31
What is 7 - (10 + (6 - 0)) - (-23 - -92 - -23)?
-101
-41 + 6 + ((19 - 10) + -19 - 3)
-48
Calculate -95 - (-63 + 75 + (-14 - (-4 - -2 - 0))).
-95
What is the value of 1 + (-4 - -18) + -6 - 27 - -153?
135
(-49 + -11 - -69) + (-100 - (2 - 2))
-91
837 + -820 - (-2 - 32)
51
Evaluate 2 - (3 + -17) - (-83 + 86 + 49).
-36
What is 6 + -29 - -35 - 10 - 5?
-3
Calculate -7 + (-66 - 1 - -3) + (-2 - -7) + -1.
-67
16 - 5 - ((-7 - 2) + (-121 - -131))
10
-3 + -22 - (14 + -25 + 16 + -3 + 4)
-31
Evaluate 51 - (40 + 35 - -67).
-91
Evaluate 7 + 7 - 48 - (2 + -20).
-16
What is -46 - 1 - (-2178 - -2124) - (-70 + 0)?
77
Calculate 18 - 10 - -8 - 3 - 32.
-19
What is 0 + (11 - (-6 + ((-10 - -11) + 24 - -3)))?
-11
What is the value of -156 - -200 - (-3 + -7 + 19)?
35
Evaluate 8 + 9 + -19 - 1 - (-15 + 55).
-43
6 + 29 - (12 + (6 - 41))
58
What is the value of 1 - 20 - (20 - (71 + -59))?
-27
Evaluate -43 + -27 + 36 + -18 + 18.
-34
What is 6 + -16 + (15 - 13) + 12 - (-1 - -21)?
-16
What is -165 + 52 + 26 + 116?
29
What is 69 - ((-6 - (-34 - -28)) + (9 - 0))?
60
Calculate 10 - -11 - (-302 - -311 - (56 + 1)).
69
(-5 - (-5 + -8) - -1) + -12 + -5
-8
What is the value of 62 - (6 - (-9 + (24 - 11)) - -5)?
55
What is -154 + 105 + 7 - -29?
-13
What is the value of -7 + (-12 + 9 - 22) - 20 - -19?
-33
What is the value of -1 - 33 - (-25 + 25 + -1 + (1 - -1))?
-35
What is 5 - (3 - ((-8 - 10) + 6) - (-14 + 10))?
-14
Calculate -7 + -48 - (-7 - 15 - -5).
-38
What is -98 + 69 + -53 + 57?
-25
Evaluate 2 - 55 - (-38 - (20 + -50)) - -5.
-40
What is (9 + -9 + -4 - 12) + 29 + 1 + -13?
